{"id":1289,"date":"2024-12-12T10:53:41","date_gmt":"2024-12-12T13:53:41","guid":{"rendered":"https:\/\/www.foripes.org.br\/?page_id=1289"},"modified":"2025-01-24T15:50:10","modified_gmt":"2025-01-24T18:50:10","slug":"rede","status":"publish","type":"page","link":"https:\/\/www.foripes.org.br\/index.php\/rede\/","title":{"rendered":"Rede Mineira de Forma\u00e7\u00e3o"},"content":{"rendered":"\n<p><strong>A Rede Mineira de Forma\u00e7\u00e3o de Professores da Educa\u00e7\u00e3o B\u00e1sica consiste na articula\u00e7\u00e3o das dezenove institui\u00e7\u00f5es de educa\u00e7\u00e3o superior (IES) p\u00fablicas de Minas Gerais vinculadas ao F\u00f3rum das Institui\u00e7\u00f5es P\u00fablicas de Ensino Superior de Minas Gerais (FORIPES).<\/strong><\/p>\n\n\n\n<p>O objetivo geral dessa rede \u00e9 desenvolver pol\u00edticas institucionais e interinstitucionais de forma\u00e7\u00e3o de professores comprometidas com valoriza\u00e7\u00e3o dessa profiss\u00e3o e das escolas em prol do fortalecimento da dimens\u00e3o p\u00fablica da educa\u00e7\u00e3o b\u00e1sica.<\/p>\n\n\n\n<p>S\u00e3o objetivos espec\u00edficos da rede:<\/p>\n\n\n\n<div class=\"wp-block-media-text has-media-on-the-right is-stacked-on-mobile\" style=\"grid-template-columns:auto 45%\"><div class=\"wp-block-media-text__content\">\n<p>\u2013 Induzir a constru\u00e7\u00e3o de pol\u00edticas p\u00fablicas de forma\u00e7\u00e3o de professores baseada no preceito de uma rela\u00e7\u00e3o org\u00e2nica entre IES e institui\u00e7\u00f5es de educa\u00e7\u00e3o b\u00e1sica;<\/p>\n\n\n\n<p>\u2013 Fortalecer as pol\u00edticas intra institucionais e interinstitucionais de forma\u00e7\u00e3o de professores da educa\u00e7\u00e3o b\u00e1sica tendo os seus professores como protagonistas;<\/p>\n\n\n\n<p>\u2013 Participar da constru\u00e7\u00e3o de a\u00e7\u00f5es e pol\u00edticas de forma\u00e7\u00e3o de professores da educa\u00e7\u00e3o b\u00e1sica em diferentes inst\u00e2ncias gestoras;<\/p>\n<\/div><figure class=\"wp-block-media-text__media\"><img loading=\"lazy\" decoding=\"async\" width=\"459\" height=\"216\" src=\"https:\/\/www.foripes.org.br\/wp-content\/uploads\/2025\/01\/formacao-3.png\" alt=\"\" class=\"wp-image-1336 size-full\" srcset=\"https:\/\/www.foripes.org.br\/wp-content\/uploads\/2025\/01\/formacao-3.png 459w, https:\/\/www.foripes.org.br\/wp-content\/uploads\/2025\/01\/formacao-3-300x141.png 300w\" sizes=\"auto, (max-width: 459px) 100vw, 459px\" \/><\/figure><\/div>\n\n\n<p style=\"text-align: justify;\"><strong>HIST\u00d3RIA DA REDE MINEIRA<\/strong><\/p>\n<p style=\"text-align: justify;\">Em agosto de 2023, na UFMG, foi realizada uma reuni\u00e3o do F\u00f3rum das Institui\u00e7\u00f5es P\u00fablicas de Ensino Superior de Minas Gerais (Foripes) com a presen\u00e7a do professor Ant\u00f3nio N\u00f3voa e representantes de onze institui\u00e7\u00f5es de ensino superior (IES) mineiras.<\/p>\n<p style=\"text-align: justify;\">Nessa reuni\u00e3o foi discutido com os reitores a relev\u00e2ncia das institui\u00e7\u00f5es p\u00fablicas de ensino superior darem o primeiro passo na dire\u00e7\u00e3o de concretizarem propostas de fortalecimento da Educa\u00e7\u00e3o B\u00e1sica e da forma\u00e7\u00e3o de professores. Mais informa\u00e7\u00f5es podem ser acessadas em <a href=\"https:\/\/ufmg.br\/comunicacao\/noticias\/universidades-precisam-assumir-seu-compromisso-com-a-educacao-basica-propoe-antonio-novoa\">https:\/\/ufmg.br\/comunicacao\/noticias\/universidades-precisam-assumir-seu-compromisso-com-a-educacao-basica-propoe-antonio-novoa<\/a><\/p>\n<p style=\"text-align: justify;\">Em dezembro de 2023, o grupo de representantes foi apresentado em reuni\u00e3o conduzida pela reitora da UFMG, professora Sandra Goulart de Almeida, com a participa\u00e7\u00e3o do professor Ant\u00f3nio N\u00f3voa.<\/p>\n<p style=\"text-align: justify;\">Em fevereiro de 2024, as IES participantes apresentaram o mapeamento das suas a\u00e7\u00f5es de forma\u00e7\u00e3o de professores e suas configura\u00e7\u00f5es. Esse trabalho foi compartilhado coletivamente e assistido pelo professor Ant\u00f3nio N\u00f3voa, que estabeleceu novas quest\u00f5es para os representantes (not\u00edcia: <a href=\"https:\/\/ufmg.br\/comunicacao\/noticias\/ufmg-articula-construcao-de-rede-mineira-de-formacao-de-professores-para-a-educacao-basica\">https:\/\/ufmg.br\/comunicacao\/noticias\/ufmg-articula-construcao-de-rede-mineira-de-formacao-de-professores-para-a-educacao-basica<\/a>)<\/p>\n<p><a href=\"https:\/\/www.foripes.org.br\/index.php\/rede\/whatsapp-image-2025-01-23-at-15-23-55\/\" rel=\"attachment wp-att-1389\"><img loading=\"lazy\" decoding=\"async\" class=\"alignnone size-full wp-image-1389\" src=\"https:\/\/www.foripes.org.br\/wp-content\/uploads\/2025\/01\/WhatsApp-Image-2025-01-23-at-15.23.55.jpeg\" alt=\"\" width=\"1600\" height=\"966\" srcset=\"https:\/\/www.foripes.org.br\/wp-content\/uploads\/2025\/01\/WhatsApp-Image-2025-01-23-at-15.23.55.jpeg 1600w, https:\/\/www.foripes.org.br\/wp-content\/uploads\/2025\/01\/WhatsApp-Image-2025-01-23-at-15.23.55-300x181.jpeg 300w, https:\/\/www.foripes.org.br\/wp-content\/uploads\/2025\/01\/WhatsApp-Image-2025-01-23-at-15.23.55-1024x618.jpeg 1024w, https:\/\/www.foripes.org.br\/wp-content\/uploads\/2025\/01\/WhatsApp-Image-2025-01-23-at-15.23.55-768x464.jpeg 768w, https:\/\/www.foripes.org.br\/wp-content\/uploads\/2025\/01\/WhatsApp-Image-2025-01-23-at-15.23.55-1536x927.jpeg 1536w\" sizes=\"auto, (max-width: 1600px) 100vw, 1600px\" \/><\/a><\/p>\n<p style=\"text-align: justify;\">Em maio de 2024, o Instituto de Estudos Avan\u00e7ados Transdisciplinares (IEAT), em parceria com a Funda\u00e7\u00e3o de Apoio da UFMG (Fundep) da UFMG inaugurou a C\u00e1tedra Fundep \u201cMagda Soares\u201d de Educa\u00e7\u00e3o B\u00e1sica, que acolheu o Prof. Ant\u00f3nio N\u00f3voa durante o per\u00edodo de desenvolvimento inicial da Rede Mineira.<br>Not\u00edcia: <a href=\"https:\/\/ufmg.br\/comunicacao\/noticias\/precisamos-resgatar-a-missao-humanista-dos-professores-defende-antonio-novoa\">https:\/\/ufmg.br\/comunicacao\/noticias\/precisamos-resgatar-a-missao-humanista-dos-professores-defende-antonio-novoa<\/a><\/p>\n<p style=\"text-align: justify;\">Ao longo dos meses, as IES consolidaram um mapeamento com diagn\u00f3stico das a\u00e7\u00f5es voltadas para a forma\u00e7\u00e3o de professores da educa\u00e7\u00e3o b\u00e1sica realizadas, al\u00e9m de trabalhar na organiza\u00e7\u00e3o institucional de pol\u00edticas de forma\u00e7\u00e3o de professores na dire\u00e7\u00e3o consensuada pela rede.<\/p>\n<p style=\"text-align: justify;\">Ao longo dos meses, as IES consolidaram um mapeamento com diagn\u00f3stico das a\u00e7\u00f5es voltadas para a forma\u00e7\u00e3o de professores da educa\u00e7\u00e3o b\u00e1sica realizadas, al\u00e9m de trabalhar na organiza\u00e7\u00e3o institucional de pol\u00edticas de forma\u00e7\u00e3o de professores na dire\u00e7\u00e3o consensuada pela rede.<\/p>\n<p style=\"text-align: justify;\">O desenvolvimento em cada institui\u00e7\u00e3o tem apresentado diferentes fases: algumas ainda em fase de constru\u00e7\u00e3o de entendimentos internos e com as secretarias de educa\u00e7\u00e3o, outras j\u00e1 em fase de formaliza\u00e7\u00e3o e aprova\u00e7\u00e3o nos \u00f3rg\u00e3os colegiados superiores.<\/p>\n<p style=\"text-align: justify;\">Janeiro de 2025: Encontro da &#8220;Rede Mineira de Forma\u00e7\u00e3o de Professores da Educa\u00e7\u00e3o B\u00e1sica&#8221;, realizado entre 27 e 29 de janeiro em Belo Horizonte, na UFMG. Uma das atividades previstas \u00e9 a Cerim\u00f4nia de assinatura do Protocolo de Inten\u00e7\u00f5es pelos Reitores do FORIPES, que oficializa a &#8220;Rede&#8221; perante o F\u00f3rum e cada uma das IES participantes.<\/p>\n<p><a href=\"https:\/\/drive.google.com\/file\/d\/10yDCHuwp8huwZKmUd9xooZRW9zNdrees\/view?usp=drive_link\">Acesse o convite<\/a><\/p>","protected":false},"excerpt":{"rendered":"<p>A Rede Mineira de Forma\u00e7\u00e3o de Professores da Educa\u00e7\u00e3o B\u00e1sica consiste na articula\u00e7\u00e3o das dezenove institui\u00e7\u00f5es de educa\u00e7\u00e3o superior (IES) p\u00fablicas de Minas Gerais vinculadas ao F\u00f3rum das Institui\u00e7\u00f5es P\u00fablicas de Ensino Superior de Minas Gerais (FORIPES). O objetivo geral dessa rede \u00e9 desenvolver pol\u00edticas institucionais e interinstitucionais de forma\u00e7\u00e3o de professores comprometidas com valoriza\u00e7\u00e3o<br \/><a class=\"btn btn-theme post-btn\" href=\"https:\/\/www.foripes.org.br\/index.php\/rede\/\">Ler mais<\/a><\/p>\n","protected":false},"author":4,"featured_media":0,"parent":0,"menu_order":0,"comment_status":"closed","ping_status":"closed","template":"","meta":{"ngg_post_thumbnail":0,"footnotes":""},"folder":[],"class_list":["post-1289","page","type-page","status-publish","hentry"],"_links":{"self":[{"href":"https:\/\/www.foripes.org.br\/index.php\/wp-json\/wp\/v2\/pages\/1289","targetHints":{"allow":["GET"]}}],"collection":[{"href":"https:\/\/www.foripes.org.br\/index.php\/wp-json\/wp\/v2\/pages"}],"about":[{"href":"https:\/\/www.foripes.org.br\/index.php\/wp-json\/wp\/v2\/types\/page"}],"author":[{"embeddable":true,"href":"https:\/\/www.foripes.org.br\/index.php\/wp-json\/wp\/v2\/users\/4"}],"replies":[{"embeddable":true,"href":"https:\/\/www.foripes.org.br\/index.php\/wp-json\/wp\/v2\/comments?post=1289"}],"version-history":[{"count":19,"href":"https:\/\/www.foripes.org.br\/index.php\/wp-json\/wp\/v2\/pages\/1289\/revisions"}],"predecessor-version":[{"id":1448,"href":"https:\/\/www.foripes.org.br\/index.php\/wp-json\/wp\/v2\/pages\/1289\/revisions\/1448"}],"wp:attachment":[{"href":"https:\/\/www.foripes.org.br\/index.php\/wp-json\/wp\/v2\/media?parent=1289"}],"wp:term":[{"taxonomy":"folder","embeddable":true,"href":"https:\/\/www.foripes.org.br\/index.php\/wp-json\/wp\/v2\/folder?post=1289"}],"curies":[{"name":"wp","href":"https:\/\/api.w.org\/{rel}","templated":true}]}}

Rede Mineira de Formação

<p><strong>A Rede Mineira de Formação de Professores da Educação Básica consiste na articulação das dezenove instituições de educação superior (IES) públicas de Minas Gerais vinculadas ao Fórum das Instituições Públicas de Ensino Superior de Minas Gerais (FORIPES).</strong></p>



<p>O objetivo geral dessa rede é desenvolver políticas institucionais e interinstitucionais de formação de professores comprometidas com valorização dessa profissão e das escolas em prol do fortalecimento da dimensão pública da educação básica.</p>



<p>São objetivos específicos da rede:</p>



<div class="wp-block-media-text has-media-on-the-right is-stacked-on-mobile" style="grid-template-columns:auto 45%"><div class="wp-block-media-text__content">
<p>– Induzir a construção de políticas públicas de formação de professores baseada no preceito de uma relação orgânica entre IES e instituições de educação básica;</p>



<p>– Fortalecer as políticas intra institucionais e interinstitucionais de formação de professores da educação básica tendo os seus professores como protagonistas;</p>



<p>– Participar da construção de ações e políticas de formação de professores da educação básica em diferentes instâncias gestoras;</p>
</div><figure class="wp-block-media-text__media"><img loading="lazy" decoding="async" width="459" height="216" src="https://www.foripes.org.br/wp-content/uploads/2025/01/formacao-3.png" alt="" class="wp-image-1336 size-full" srcset="https://www.foripes.org.br/wp-content/uploads/2025/01/formacao-3.png 459w, https://www.foripes.org.br/wp-content/uploads/2025/01/formacao-3-300x141.png 300w" sizes="auto, (max-width: 459px) 100vw, 459px" /></figure></div>


<p style="text-align: justify;"><strong>HISTÓRIA DA REDE MINEIRA</strong></p>
<p style="text-align: justify;">Em agosto de 2023, na UFMG, foi realizada uma reunião do Fórum das Instituições Públicas de Ensino Superior de Minas Gerais (Foripes) com a presença do professor António Nóvoa e representantes de onze instituições de ensino superior (IES) mineiras.</p>
<p style="text-align: justify;">Nessa reunião foi discutido com os reitores a relevância das instituições públicas de ensino superior darem o primeiro passo na direção de concretizarem propostas de fortalecimento da Educação Básica e da formação de professores. Mais informações podem ser acessadas em <a href="https://ufmg.br/comunicacao/noticias/universidades-precisam-assumir-seu-compromisso-com-a-educacao-basica-propoe-antonio-novoa">https://ufmg.br/comunicacao/noticias/universidades-precisam-assumir-seu-compromisso-com-a-educacao-basica-propoe-antonio-novoa</a></p>
<p style="text-align: justify;">Em dezembro de 2023, o grupo de representantes foi apresentado em reunião conduzida pela reitora da UFMG, professora Sandra Goulart de Almeida, com a participação do professor António Nóvoa.</p>
<p style="text-align: justify;">Em fevereiro de 2024, as IES participantes apresentaram o mapeamento das suas ações de formação de professores e suas configurações. Esse trabalho foi compartilhado coletivamente e assistido pelo professor António Nóvoa, que estabeleceu novas questões para os representantes (notícia: <a href="https://ufmg.br/comunicacao/noticias/ufmg-articula-construcao-de-rede-mineira-de-formacao-de-professores-para-a-educacao-basica">https://ufmg.br/comunicacao/noticias/ufmg-articula-construcao-de-rede-mineira-de-formacao-de-professores-para-a-educacao-basica</a>)</p>
<p><a href="https://www.foripes.org.br/index.php/rede/whatsapp-image-2025-01-23-at-15-23-55/" rel="attachment wp-att-1389"><img loading="lazy" decoding="async" class="alignnone size-full wp-image-1389" src="https://www.foripes.org.br/wp-content/uploads/2025/01/WhatsApp-Image-2025-01-23-at-15.23.55.jpeg" alt="" width="1600" height="966" srcset="https://www.foripes.org.br/wp-content/uploads/2025/01/WhatsApp-Image-2025-01-23-at-15.23.55.jpeg 1600w, https://www.foripes.org.br/wp-content/uploads/2025/01/WhatsApp-Image-2025-01-23-at-15.23.55-300x181.jpeg 300w, https://www.foripes.org.br/wp-content/uploads/2025/01/WhatsApp-Image-2025-01-23-at-15.23.55-1024x618.jpeg 1024w, https://www.foripes.org.br/wp-content/uploads/2025/01/WhatsApp-Image-2025-01-23-at-15.23.55-768x464.jpeg 768w, https://www.foripes.org.br/wp-content/uploads/2025/01/WhatsApp-Image-2025-01-23-at-15.23.55-1536x927.jpeg 1536w" sizes="auto, (max-width: 1600px) 100vw, 1600px" /></a></p>
<p style="text-align: justify;">Em maio de 2024, o Instituto de Estudos Avançados Transdisciplinares (IEAT), em parceria com a Fundação de Apoio da UFMG (Fundep) da UFMG inaugurou a Cátedra Fundep “Magda Soares” de Educação Básica, que acolheu o Prof. António Nóvoa durante o período de desenvolvimento inicial da Rede Mineira.<br>Notícia: <a href="https://ufmg.br/comunicacao/noticias/precisamos-resgatar-a-missao-humanista-dos-professores-defende-antonio-novoa">https://ufmg.br/comunicacao/noticias/precisamos-resgatar-a-missao-humanista-dos-professores-defende-antonio-novoa</a></p>
<p style="text-align: justify;">Ao longo dos meses, as IES consolidaram um mapeamento com diagnóstico das ações voltadas para a formação de professores da educação básica realizadas, além de trabalhar na organização institucional de políticas de formação de professores na direção consensuada pela rede.</p>
<p style="text-align: justify;">Ao longo dos meses, as IES consolidaram um mapeamento com diagnóstico das ações voltadas para a formação de professores da educação básica realizadas, além de trabalhar na organização institucional de políticas de formação de professores na direção consensuada pela rede.</p>
<p style="text-align: justify;">O desenvolvimento em cada instituição tem apresentado diferentes fases: algumas ainda em fase de construção de entendimentos internos e com as secretarias de educação, outras já em fase de formalização e aprovação nos órgãos colegiados superiores.</p>
<p style="text-align: justify;">Janeiro de 2025: Encontro da &#8220;Rede Mineira de Formação de Professores da Educação Básica&#8221;, realizado entre 27 e 29 de janeiro em Belo Horizonte, na UFMG. Uma das atividades previstas é a Cerimônia de assinatura do Protocolo de Intenções pelos Reitores do FORIPES, que oficializa a &#8220;Rede&#8221; perante o Fórum e cada uma das IES participantes.</p>
<p><a href="https://drive.google.com/file/d/10yDCHuwp8huwZKmUd9xooZRW9zNdrees/view?usp=drive_link">Acesse o convite</a></p>

<p>A Rede Mineira de Formação de Professores da Educação Básica consiste na articulação das dezenove instituições de educação superior (IES) públicas de Minas Gerais vinculadas ao Fórum das Instituições Públicas de Ensino Superior de Minas Gerais (FORIPES). O objetivo geral dessa rede é desenvolver políticas institucionais e interinstitucionais de formação de professores comprometidas com valorização<br /><a class="btn btn-theme post-btn" href="https://www.foripes.org.br/index.php/rede/">Ler mais</a></p>
