{"id":1048,"date":"2024-08-30T11:09:31","date_gmt":"2024-08-30T14:09:31","guid":{"rendered":"https:\/\/www.foripes.org.br\/?page_id=1048"},"modified":"2024-11-21T16:44:32","modified_gmt":"2024-11-21T19:44:32","slug":"manual-de-uso-de-marca","status":"publish","type":"page","link":"https:\/\/www.foripes.org.br\/index.php\/manual-de-uso-de-marca\/","title":{"rendered":"Manual de Uso de Marca"},"content":{"rendered":"\n<p style=\"text-align:justify\">A nova marca Foripes-MG representa uma atua\u00e7\u00e3o estrat\u00e9gica e traz, em seu conceito gr\u00e1fico, tr\u00eas elementos que s\u00e3o os eixos centrais da ess\u00eancia e finalidade do F\u00f3rum.<\/p><\/p>\n\n\n\n<p style=\"text-align:justify\">Em anexo a seguir est\u00e1 dispon\u00edvel o documento da marca e tamb\u00e9m o Manual de Uso de Marca para utilizar em conformidade com o padr\u00e3o e normas do mesmo.<\/p><\/p>\n\n\n\n<p><a href=\"https:\/\/drive.google.com\/file\/d\/19sRsikz_7MkrhLTfvASgW81LSS93a_pm\/view?usp=sharing\" target=\"_blank\" rel=\"noreferrer noopener\">Manual de Uso de Marca Foripes &#8211; MG<\/a><\/p>\n\n\n\n<p><a href=\"https:\/\/drive.google.com\/drive\/u\/0\/folders\/1esALJNjk9lMyjEjSp5Jfht1bp9OpUSVw\" target=\"_blank\" rel=\"noreferrer noopener\">Logotipos Foripes &#8211; MG<\/a><\/p>\n","protected":false},"excerpt":{"rendered":"<p>A nova marca Foripes-MG representa uma atua\u00e7\u00e3o estrat\u00e9gica e traz, em seu conceito gr\u00e1fico, tr\u00eas elementos que s\u00e3o os eixos centrais da ess\u00eancia e finalidade do F\u00f3rum. Em anexo a seguir est\u00e1 dispon\u00edvel o documento da marca e tamb\u00e9m o Manual de Uso de Marca para utilizar em conformidade com o padr\u00e3o e normas do<br \/><a class=\"btn btn-theme post-btn\" href=\"https:\/\/www.foripes.org.br\/index.php\/manual-de-uso-de-marca\/\">Ler mais<\/a><\/p>\n","protected":false},"author":4,"featured_media":0,"parent":0,"menu_order":0,"comment_status":"closed","ping_status":"closed","template":"","meta":{"ngg_post_thumbnail":0,"footnotes":""},"folder":[],"class_list":["post-1048","page","type-page","status-publish","hentry"],"_links":{"self":[{"href":"https:\/\/www.foripes.org.br\/index.php\/wp-json\/wp\/v2\/pages\/1048","targetHints":{"allow":["GET"]}}],"collection":[{"href":"https:\/\/www.foripes.org.br\/index.php\/wp-json\/wp\/v2\/pages"}],"about":[{"href":"https:\/\/www.foripes.org.br\/index.php\/wp-json\/wp\/v2\/types\/page"}],"author":[{"embeddable":true,"href":"https:\/\/www.foripes.org.br\/index.php\/wp-json\/wp\/v2\/users\/4"}],"replies":[{"embeddable":true,"href":"https:\/\/www.foripes.org.br\/index.php\/wp-json\/wp\/v2\/comments?post=1048"}],"version-history":[{"count":8,"href":"https:\/\/www.foripes.org.br\/index.php\/wp-json\/wp\/v2\/pages\/1048\/revisions"}],"predecessor-version":[{"id":1220,"href":"https:\/\/www.foripes.org.br\/index.php\/wp-json\/wp\/v2\/pages\/1048\/revisions\/1220"}],"wp:attachment":[{"href":"https:\/\/www.foripes.org.br\/index.php\/wp-json\/wp\/v2\/media?parent=1048"}],"wp:term":[{"taxonomy":"folder","embeddable":true,"href":"https:\/\/www.foripes.org.br\/index.php\/wp-json\/wp\/v2\/folder?post=1048"}],"curies":[{"name":"wp","href":"https:\/\/api.w.org\/{rel}","templated":true}]}}