{"id":1034,"date":"2024-08-30T11:58:51","date_gmt":"2024-08-30T14:58:51","guid":{"rendered":"https:\/\/www.foripes.org.br\/?page_id=1034"},"modified":"2025-03-24T19:16:33","modified_gmt":"2025-03-24T22:16:33","slug":"dirigentes","status":"publish","type":"page","link":"https:\/\/www.foripes.org.br\/index.php\/dirigentes\/","title":{"rendered":"Dirigentes"},"content":{"rendered":"\n<p style=\"font-size:30px\"><strong>Conhe\u00e7a os dirigentes da institui\u00e7\u00f5es-membros do Foripes &#8211; MG<\/strong><\/p>\n\n\n\n<div class=\"wp-block-columns is-layout-flex wp-container-core-columns-is-layout-9d6595d7 wp-block-columns-is-layout-flex\">\n<div class=\"wp-block-column is-layout-flow wp-block-column-is-layout-flow\">\n<div class=\"wp-block-media-text is-stacked-on-mobile\" style=\"grid-template-columns:49% auto\"><figure class=\"wp-block-media-text__media\"><img loading=\"lazy\" decoding=\"async\" width=\"500\" height=\"500\" src=\"https:\/\/www.foripes.org.br\/wp-content\/uploads\/2024\/08\/1.png\" alt=\"\" class=\"wp-image-1066 size-full\" srcset=\"https:\/\/www.foripes.org.br\/wp-content\/uploads\/2024\/08\/1.png 500w, https:\/\/www.foripes.org.br\/wp-content\/uploads\/2024\/08\/1-300x300.png 300w, https:\/\/www.foripes.org.br\/wp-content\/uploads\/2024\/08\/1-150x150.png 150w\" sizes=\"auto, (max-width: 500px) 100vw, 500px\" \/><\/figure><div class=\"wp-block-media-text__content\">\n<p>Professor Jos\u00e9 Roberto Soares Scolforo, reitor da Universidade Federal de Lavras (UFLA)<\/p>\n\n\n\n<p><a href=\"http:\/\/lattes.cnpq.br\/8717150703694552\" data-type=\"link\" data-id=\"http:\/\/lattes.cnpq.br\/0965773923721717\" target=\"_blank\" rel=\"noreferrer noopener\">Curriculo Lattes<\/a><\/p>\n<\/div><\/div>\n<\/div>\n\n\n\n<div class=\"wp-block-column is-layout-flow wp-block-column-is-layout-flow\">\n<div class=\"wp-block-media-text is-stacked-on-mobile\"><figure class=\"wp-block-media-text__media\"><img loading=\"lazy\" decoding=\"async\" width=\"500\" height=\"500\" src=\"https:\/\/www.foripes.org.br\/wp-content\/uploads\/2024\/08\/10.png\" alt=\"\" class=\"wp-image-1057 size-full\" srcset=\"https:\/\/www.foripes.org.br\/wp-content\/uploads\/2024\/08\/10.png 500w, https:\/\/www.foripes.org.br\/wp-content\/uploads\/2024\/08\/10-300x300.png 300w, https:\/\/www.foripes.org.br\/wp-content\/uploads\/2024\/08\/10-150x150.png 150w\" sizes=\"auto, (max-width: 500px) 100vw, 500px\" \/><\/figure><div class=\"wp-block-media-text__content\">\n<p>Professor Marcelo Pereira de Andrade, reitor da Universidade Federal de Sao Jo\u00e3o Del Rei (UFSJ)<\/p>\n\n\n\n<p><a href=\"http:\/\/lattes.cnpq.br\/0623033355116930\" data-type=\"link\" data-id=\"http:\/\/lattes.cnpq.br\/0965773923721717\" target=\"_blank\" rel=\"noreferrer noopener\">Curriculo Lattes<\/a><\/p>\n<\/div><\/div>\n<\/div>\n<\/div>\n\n\n\n<div class=\"wp-block-columns is-layout-flex wp-container-core-columns-is-layout-9d6595d7 wp-block-columns-is-layout-flex\">\n<div class=\"wp-block-column is-layout-flow wp-block-column-is-layout-flow\">\n<div class=\"wp-block-media-text is-stacked-on-mobile\"><figure class=\"wp-block-media-text__media\"><img loading=\"lazy\" decoding=\"async\" width=\"500\" height=\"500\" src=\"https:\/\/www.foripes.org.br\/wp-content\/uploads\/2024\/08\/12.png\" alt=\"\" class=\"wp-image-1059 size-full\" srcset=\"https:\/\/www.foripes.org.br\/wp-content\/uploads\/2024\/08\/12.png 500w, https:\/\/www.foripes.org.br\/wp-content\/uploads\/2024\/08\/12-300x300.png 300w, https:\/\/www.foripes.org.br\/wp-content\/uploads\/2024\/08\/12-150x150.png 150w\" sizes=\"auto, (max-width: 500px) 100vw, 500px\" \/><\/figure><div class=\"wp-block-media-text__content\">\n<p>Professor Demetrius David da Silva, reitor da Universidade Federal de Vi\u00e7osa (UFV)<\/p>\n\n\n\n<p><a href=\"http:\/\/lattes.cnpq.br\/3676842528299362\" data-type=\"link\" data-id=\"http:\/\/lattes.cnpq.br\/0965773923721717\" target=\"_blank\" rel=\"noreferrer noopener\">Curriculo Lattes<\/a><\/p>\n<\/div><\/div>\n<\/div>\n\n\n\n<div class=\"wp-block-column is-layout-flow wp-block-column-is-layout-flow\">\n<div class=\"wp-block-media-text is-stacked-on-mobile\"><figure class=\"wp-block-media-text__media\"><img loading=\"lazy\" decoding=\"async\" width=\"500\" height=\"500\" src=\"https:\/\/www.foripes.org.br\/wp-content\/uploads\/2024\/08\/13.png\" alt=\"\" class=\"wp-image-1060 size-full\" srcset=\"https:\/\/www.foripes.org.br\/wp-content\/uploads\/2024\/08\/13.png 500w, https:\/\/www.foripes.org.br\/wp-content\/uploads\/2024\/08\/13-300x300.png 300w, https:\/\/www.foripes.org.br\/wp-content\/uploads\/2024\/08\/13-150x150.png 150w\" sizes=\"auto, (max-width: 500px) 100vw, 500px\" \/><\/figure><div class=\"wp-block-media-text__content\">\n<p>Professora Sandra Regina Goulart Almeida, reitora da Universidade Federal de Minas Gerais (UFMG)<\/p>\n\n\n\n<p><a href=\"http:\/\/lattes.cnpq.br\/1871947440058031\" data-type=\"link\" data-id=\"http:\/\/lattes.cnpq.br\/0965773923721717\" target=\"_blank\" rel=\"noreferrer noopener\">Curriculo Lattes<\/a><\/p>\n<\/div><\/div>\n<\/div>\n<\/div>\n\n\n\n<div class=\"wp-block-columns is-layout-flex wp-container-core-columns-is-layout-9d6595d7 wp-block-columns-is-layout-flex\">\n<div class=\"wp-block-column is-layout-flow wp-block-column-is-layout-flow\">\n<div class=\"wp-block-media-text is-stacked-on-mobile\"><figure class=\"wp-block-media-text__media\"><img loading=\"lazy\" decoding=\"async\" width=\"500\" height=\"500\" src=\"https:\/\/www.foripes.org.br\/wp-content\/uploads\/2024\/08\/8.png\" alt=\"\" class=\"wp-image-1073 size-full\" srcset=\"https:\/\/www.foripes.org.br\/wp-content\/uploads\/2024\/08\/8.png 500w, https:\/\/www.foripes.org.br\/wp-content\/uploads\/2024\/08\/8-300x300.png 300w, https:\/\/www.foripes.org.br\/wp-content\/uploads\/2024\/08\/8-150x150.png 150w\" sizes=\"auto, (max-width: 500px) 100vw, 500px\" \/><\/figure><div class=\"wp-block-media-text__content\">\n<p>Professora Girlene Alves da Silva, reitora da Universidade Federal de Juiz de Fora (UFJF)<\/p>\n\n\n\n<p><a href=\"http:\/\/lattes.cnpq.br\/8288874998445424\" data-type=\"link\" data-id=\"http:\/\/lattes.cnpq.br\/0965773923721717\" target=\"_blank\" rel=\"noreferrer noopener\">Curriculo Lattes<\/a><\/p>\n<\/div><\/div>\n<\/div>\n\n\n\n<div class=\"wp-block-column is-layout-flow wp-block-column-is-layout-flow\">\n<div class=\"wp-block-media-text is-stacked-on-mobile\" style=\"grid-template-columns:47% auto\"><figure class=\"wp-block-media-text__media\"><img loading=\"lazy\" decoding=\"async\" width=\"500\" height=\"500\" src=\"https:\/\/www.foripes.org.br\/wp-content\/uploads\/2025\/03\/foripes1.png\" alt=\"\" class=\"wp-image-1481 size-full\" srcset=\"https:\/\/www.foripes.org.br\/wp-content\/uploads\/2025\/03\/foripes1.png 500w, https:\/\/www.foripes.org.br\/wp-content\/uploads\/2025\/03\/foripes1-300x300.png 300w, https:\/\/www.foripes.org.br\/wp-content\/uploads\/2025\/03\/foripes1-150x150.png 150w\" sizes=\"auto, (max-width: 500px) 100vw, 500px\" \/><\/figure><div class=\"wp-block-media-text__content\">\n<p>Professor Luciano Campos da Silva, reitor da Universidade Federal de Ouro Preto (UFOP)<\/p>\n\n\n\n<p><a href=\"http:\/\/lattes.cnpq.br\/6442334718886217\" data-type=\"link\" data-id=\"http:\/\/lattes.cnpq.br\/0965773923721717\" target=\"_blank\" rel=\"noreferrer noopener\">Curriculo Lattes<\/a><\/p>\n<\/div><\/div>\n<\/div>\n<\/div>\n\n\n\n<div class=\"wp-block-columns is-layout-flex wp-container-core-columns-is-layout-9d6595d7 wp-block-columns-is-layout-flex\">\n<div class=\"wp-block-column is-layout-flow wp-block-column-is-layout-flow\">\n<div class=\"wp-block-media-text is-stacked-on-mobile\"><figure class=\"wp-block-media-text__media\"><img loading=\"lazy\" decoding=\"async\" width=\"500\" height=\"500\" src=\"https:\/\/www.foripes.org.br\/wp-content\/uploads\/2024\/08\/16.png\" alt=\"\" class=\"wp-image-1063 size-full\" srcset=\"https:\/\/www.foripes.org.br\/wp-content\/uploads\/2024\/08\/16.png 500w, https:\/\/www.foripes.org.br\/wp-content\/uploads\/2024\/08\/16-300x300.png 300w, https:\/\/www.foripes.org.br\/wp-content\/uploads\/2024\/08\/16-150x150.png 150w\" sizes=\"auto, (max-width: 500px) 100vw, 500px\" \/><\/figure><div class=\"wp-block-media-text__content\">\n<p>Professora Marinalva Vieira Barbosa, reitora da Universidade Federal do Tri\u00e2ngulo Mineiro (UFTM)<\/p>\n\n\n\n<p><a href=\"http:\/\/lattes.cnpq.br\/8103443442362053\" data-type=\"link\" data-id=\"http:\/\/lattes.cnpq.br\/0965773923721717\" target=\"_blank\" rel=\"noreferrer noopener\">Curriculo Lattes<\/a><\/p>\n<\/div><\/div>\n<\/div>\n\n\n\n<div class=\"wp-block-column is-layout-flow wp-block-column-is-layout-flow\">\n<div class=\"wp-block-media-text is-stacked-on-mobile\" style=\"grid-template-columns:48% auto\"><figure class=\"wp-block-media-text__media\"><img loading=\"lazy\" decoding=\"async\" width=\"500\" height=\"500\" src=\"https:\/\/www.foripes.org.br\/wp-content\/uploads\/2025\/03\/2_foripes.png\" alt=\"\" class=\"wp-image-1482 size-full\" srcset=\"https:\/\/www.foripes.org.br\/wp-content\/uploads\/2025\/03\/2_foripes.png 500w, https:\/\/www.foripes.org.br\/wp-content\/uploads\/2025\/03\/2_foripes-300x300.png 300w, https:\/\/www.foripes.org.br\/wp-content\/uploads\/2025\/03\/2_foripes-150x150.png 150w\" sizes=\"auto, (max-width: 500px) 100vw, 500px\" \/><\/figure><div class=\"wp-block-media-text__content\">\n<p id=\"block-904ae7ac-0387-4c4e-8a90-84a0b37ca811\">Professor Carlos Henrique de Carvalho, reitor da Universidade Federal de Uberl\u00e2ndia (UFU)<\/p>\n\n\n\n<p id=\"block-5a598eb9-3da7-4572-83cd-b28524f23da0\"><a href=\"http:\/\/lattes.cnpq.br\/7463702480768930\" target=\"_blank\" rel=\"noreferrer noopener\">Curriculo Lattes<\/a><\/p>\n<\/div><\/div>\n<\/div>\n<\/div>\n\n\n\n<div class=\"wp-block-columns is-layout-flex wp-container-core-columns-is-layout-9d6595d7 wp-block-columns-is-layout-flex\">\n<div class=\"wp-block-column is-layout-flow wp-block-column-is-layout-flow\">\n<div class=\"wp-block-media-text is-stacked-on-mobile\" style=\"grid-template-columns:51% auto\"><figure class=\"wp-block-media-text__media\"><img loading=\"lazy\" decoding=\"async\" width=\"500\" height=\"500\" src=\"https:\/\/www.foripes.org.br\/wp-content\/uploads\/2024\/08\/14.png\" alt=\"\" class=\"wp-image-1061 size-full\" srcset=\"https:\/\/www.foripes.org.br\/wp-content\/uploads\/2024\/08\/14.png 500w, https:\/\/www.foripes.org.br\/wp-content\/uploads\/2024\/08\/14-300x300.png 300w, https:\/\/www.foripes.org.br\/wp-content\/uploads\/2024\/08\/14-150x150.png 150w\" sizes=\"auto, (max-width: 500px) 100vw, 500px\" \/><\/figure><div class=\"wp-block-media-text__content\">\n<p id=\"block-904ae7ac-0387-4c4e-8a90-84a0b37ca811\">Professor Sandro Amadeu Cerveira, reitor da Universidade Federal de Alfenas (UNIFAL)<\/p>\n\n\n\n<p id=\"block-5a598eb9-3da7-4572-83cd-b28524f23da0\"><a href=\"http:\/\/lattes.cnpq.br\/0965773923721717\" target=\"_blank\" rel=\"noreferrer noopener\">Curriculo Lattes<\/a><\/p>\n\n\n\n<p id=\"block-904ae7ac-0387-4c4e-8a90-84a0b37ca811\"><br><\/p>\n<\/div><\/div>\n<\/div>\n\n\n\n<div class=\"wp-block-column is-layout-flow wp-block-column-is-layout-flow\">\n<div class=\"wp-block-media-text is-stacked-on-mobile\" style=\"grid-template-columns:47% auto\"><figure class=\"wp-block-media-text__media\"><img loading=\"lazy\" decoding=\"async\" width=\"500\" height=\"500\" src=\"https:\/\/www.foripes.org.br\/wp-content\/uploads\/2025\/03\/3_foripes.png\" alt=\"\" class=\"wp-image-1483 size-full\" srcset=\"https:\/\/www.foripes.org.br\/wp-content\/uploads\/2025\/03\/3_foripes.png 500w, https:\/\/www.foripes.org.br\/wp-content\/uploads\/2025\/03\/3_foripes-300x300.png 300w, https:\/\/www.foripes.org.br\/wp-content\/uploads\/2025\/03\/3_foripes-150x150.png 150w\" sizes=\"auto, (max-width: 500px) 100vw, 500px\" \/><\/figure><div class=\"wp-block-media-text__content\">\n<p id=\"block-904ae7ac-0387-4c4e-8a90-84a0b37ca811\">Professor Marcel Fernando da Costa Parentoni, reitor da Universidade Federal de Itajub\u00e1 (UNIFEI)<\/p>\n\n\n\n<p id=\"block-5a598eb9-3da7-4572-83cd-b28524f23da0\"><a href=\"http:\/\/lattes.cnpq.br\/3155765503130820\" target=\"_blank\" rel=\"noreferrer noopener\">Curriculo Lattes<\/a><\/p>\n<\/div><\/div>\n<\/div>\n<\/div>\n\n\n\n<div class=\"wp-block-columns is-layout-flex wp-container-core-columns-is-layout-9d6595d7 wp-block-columns-is-layout-flex\">\n<div class=\"wp-block-column is-layout-flow wp-block-column-is-layout-flow\">\n<div class=\"wp-block-media-text is-stacked-on-mobile\"><figure class=\"wp-block-media-text__media\"><img loading=\"lazy\" decoding=\"async\" width=\"500\" height=\"500\" src=\"https:\/\/www.foripes.org.br\/wp-content\/uploads\/2024\/08\/Untitled-design-3.png\" alt=\"\" class=\"wp-image-1079 size-full\" srcset=\"https:\/\/www.foripes.org.br\/wp-content\/uploads\/2024\/08\/Untitled-design-3.png 500w, https:\/\/www.foripes.org.br\/wp-content\/uploads\/2024\/08\/Untitled-design-3-300x300.png 300w, https:\/\/www.foripes.org.br\/wp-content\/uploads\/2024\/08\/Untitled-design-3-150x150.png 150w\" sizes=\"auto, (max-width: 500px) 100vw, 500px\" \/><\/figure><div class=\"wp-block-media-text__content\">\n<p id=\"block-904ae7ac-0387-4c4e-8a90-84a0b37ca811\">Professor Heron Laiber Bonadiman, reitor da Universidade Federal dos Vales do Jequitinhonha e Mucuri (UFVJM)<\/p>\n\n\n\n<p id=\"block-5a598eb9-3da7-4572-83cd-b28524f23da0\"><a href=\"http:\/\/lattes.cnpq.br\/2433633106021099\" target=\"_blank\" rel=\"noreferrer noopener\">Curriculo Lattes<\/a><\/p>\n<\/div><\/div>\n<\/div>\n\n\n\n<div class=\"wp-block-column is-layout-flow wp-block-column-is-layout-flow\">\n<div class=\"wp-block-media-text is-stacked-on-mobile\"><figure class=\"wp-block-media-text__media\"><img loading=\"lazy\" decoding=\"async\" width=\"500\" height=\"500\" src=\"https:\/\/www.foripes.org.br\/wp-content\/uploads\/2024\/08\/3.png\" alt=\"\" class=\"wp-image-1068 size-full\" srcset=\"https:\/\/www.foripes.org.br\/wp-content\/uploads\/2024\/08\/3.png 500w, https:\/\/www.foripes.org.br\/wp-content\/uploads\/2024\/08\/3-300x300.png 300w, https:\/\/www.foripes.org.br\/wp-content\/uploads\/2024\/08\/3-150x150.png 150w\" sizes=\"auto, (max-width: 500px) 100vw, 500px\" \/><\/figure><div class=\"wp-block-media-text__content\">\n<p>Professora Lav\u00ednia Rosa Rodrigues, reitora da Universidade do Estado de Minas Gerais (UEMG)<\/p>\n\n\n\n<p><a href=\"http:\/\/lattes.cnpq.br\/5993226593231829\" data-type=\"link\" data-id=\"http:\/\/lattes.cnpq.br\/0965773923721717\">Curr<\/a><a href=\"http:\/\/lattes.cnpq.br\/5993226593231829\" data-type=\"link\" data-id=\"http:\/\/lattes.cnpq.br\/0965773923721717\" target=\"_blank\" rel=\"noreferrer noopener\">iculo Lattes<\/a><\/p>\n<\/div><\/div>\n<\/div>\n<\/div>\n\n\n\n<div class=\"wp-block-columns is-layout-flex wp-container-core-columns-is-layout-9d6595d7 wp-block-columns-is-layout-flex\">\n<div class=\"wp-block-column is-layout-flow wp-block-column-is-layout-flow\">\n<div class=\"wp-block-media-text is-stacked-on-mobile\"><figure class=\"wp-block-media-text__media\"><img loading=\"lazy\" decoding=\"async\" width=\"500\" height=\"500\" src=\"https:\/\/www.foripes.org.br\/wp-content\/uploads\/2024\/08\/17.png\" alt=\"\" class=\"wp-image-1064 size-full\" srcset=\"https:\/\/www.foripes.org.br\/wp-content\/uploads\/2024\/08\/17.png 500w, https:\/\/www.foripes.org.br\/wp-content\/uploads\/2024\/08\/17-300x300.png 300w, https:\/\/www.foripes.org.br\/wp-content\/uploads\/2024\/08\/17-150x150.png 150w\" sizes=\"auto, (max-width: 500px) 100vw, 500px\" \/><\/figure><div class=\"wp-block-media-text__content\">\n<p id=\"block-904ae7ac-0387-4c4e-8a90-84a0b37ca811\">Professor Wagner de Paulo Santiago, reitor da Universidade Estadual de Montes Claros (UNIMONTES)<\/p>\n\n\n\n<p id=\"block-5a598eb9-3da7-4572-83cd-b28524f23da0\"><a href=\"http:\/\/lattes.cnpq.br\/6518303056388945\" target=\"_blank\" rel=\"noreferrer noopener\">Curriculo Lattes<\/a><\/p>\n<\/div><\/div>\n<\/div>\n\n\n\n<div class=\"wp-block-column is-layout-flow wp-block-column-is-layout-flow\">\n<div class=\"wp-block-media-text is-stacked-on-mobile\"><figure class=\"wp-block-media-text__media\"><img loading=\"lazy\" decoding=\"async\" width=\"500\" height=\"500\" src=\"https:\/\/www.foripes.org.br\/wp-content\/uploads\/2024\/08\/7.png\" alt=\"\" class=\"wp-image-1072 size-full\" srcset=\"https:\/\/www.foripes.org.br\/wp-content\/uploads\/2024\/08\/7.png 500w, https:\/\/www.foripes.org.br\/wp-content\/uploads\/2024\/08\/7-300x300.png 300w, https:\/\/www.foripes.org.br\/wp-content\/uploads\/2024\/08\/7-150x150.png 150w\" sizes=\"auto, (max-width: 500px) 100vw, 500px\" \/><\/figure><div class=\"wp-block-media-text__content\">\n<p>Professora Carla Simone Chamon, reitora da Centro Federal de Educa\u00e7\u00e3o Tecnol\u00f3gica de Minas Gerais (CEFET-MG)<\/p>\n\n\n\n<p><a href=\"http:\/\/lattes.cnpq.br\/0504018067431591\" data-type=\"link\" data-id=\"http:\/\/lattes.cnpq.br\/0965773923721717\" target=\"_blank\" rel=\"noreferrer noopener\">Curriculo Lattes<\/a><\/p>\n<\/div><\/div>\n<\/div>\n<\/div>\n\n\n\n<div class=\"wp-block-columns is-layout-flex wp-container-core-columns-is-layout-9d6595d7 wp-block-columns-is-layout-flex\">\n<div class=\"wp-block-column is-layout-flow wp-block-column-is-layout-flow\">\n<div class=\"wp-block-media-text is-stacked-on-mobile\"><figure class=\"wp-block-media-text__media\"><img loading=\"lazy\" decoding=\"async\" width=\"500\" height=\"500\" src=\"https:\/\/www.foripes.org.br\/wp-content\/uploads\/2024\/08\/4.png\" alt=\"\" class=\"wp-image-1069 size-full\" srcset=\"https:\/\/www.foripes.org.br\/wp-content\/uploads\/2024\/08\/4.png 500w, https:\/\/www.foripes.org.br\/wp-content\/uploads\/2024\/08\/4-300x300.png 300w, https:\/\/www.foripes.org.br\/wp-content\/uploads\/2024\/08\/4-150x150.png 150w\" sizes=\"auto, (max-width: 500px) 100vw, 500px\" \/><\/figure><div class=\"wp-block-media-text__content\">\n<p id=\"block-904ae7ac-0387-4c4e-8a90-84a0b37ca811\">Professor Rafael Bastos Teixeira, reitor do Instituto Federal de Educa\u00e7\u00e3o, Ci\u00eancia e Tecnologia de Minas Gerais (IFMG)<\/p>\n\n\n\n<p id=\"block-5a598eb9-3da7-4572-83cd-b28524f23da0\"><a href=\"http:\/\/lattes.cnpq.br\/0466647140925507\" target=\"_blank\" rel=\"noreferrer noopener\">Curriculo Lattes<\/a><\/p>\n<\/div><\/div>\n<\/div>\n\n\n\n<div class=\"wp-block-column is-layout-flow wp-block-column-is-layout-flow\">\n<div class=\"wp-block-media-text is-stacked-on-mobile\"><figure class=\"wp-block-media-text__media\"><img loading=\"lazy\" decoding=\"async\" width=\"500\" height=\"500\" src=\"https:\/\/www.foripes.org.br\/wp-content\/uploads\/2024\/08\/Untitled-design-4.png\" alt=\"\" class=\"wp-image-1081 size-full\" srcset=\"https:\/\/www.foripes.org.br\/wp-content\/uploads\/2024\/08\/Untitled-design-4.png 500w, https:\/\/www.foripes.org.br\/wp-content\/uploads\/2024\/08\/Untitled-design-4-300x300.png 300w, https:\/\/www.foripes.org.br\/wp-content\/uploads\/2024\/08\/Untitled-design-4-150x150.png 150w\" sizes=\"auto, (max-width: 500px) 100vw, 500px\" \/><\/figure><div class=\"wp-block-media-text__content\">\n<p>Professor Andr\u00e9 Diniz de Oliveira, reitor do Instituto Federal de Educa\u00e7\u00e3o, Ci\u00eancia e Tecnologia do Sudeste de Minas Gerais (IF Sudeste-MG)<\/p>\n\n\n\n<p><a href=\"http:\/\/lattes.cnpq.br\/8328959774323985\" target=\"_blank\" rel=\"noreferrer noopener\">Curriculo Lattes<\/a><\/p>\n<\/div><\/div>\n<\/div>\n<\/div>\n\n\n\n<div class=\"wp-block-columns is-layout-flex wp-container-core-columns-is-layout-9d6595d7 wp-block-columns-is-layout-flex\">\n<div class=\"wp-block-column is-layout-flow wp-block-column-is-layout-flow\">\n<div class=\"wp-block-media-text is-stacked-on-mobile\"><figure class=\"wp-block-media-text__media\"><img loading=\"lazy\" decoding=\"async\" width=\"500\" height=\"500\" src=\"https:\/\/www.foripes.org.br\/wp-content\/uploads\/2024\/08\/5.png\" alt=\"\" class=\"wp-image-1070 size-full\" srcset=\"https:\/\/www.foripes.org.br\/wp-content\/uploads\/2024\/08\/5.png 500w, https:\/\/www.foripes.org.br\/wp-content\/uploads\/2024\/08\/5-300x300.png 300w, https:\/\/www.foripes.org.br\/wp-content\/uploads\/2024\/08\/5-150x150.png 150w\" sizes=\"auto, (max-width: 500px) 100vw, 500px\" \/><\/figure><div class=\"wp-block-media-text__content\">\n<p id=\"block-fb752608-5c33-47cb-b57a-0617c904573c\"><br>Professor Cleber \u00c1vila Barbosa, reitor do Instituto Federal de Educa\u00e7\u00e3o, Ci\u00eancia e Tecnologia do Sul de Minas Gerais (IFSULDEMINAS)<\/p>\n\n\n\n<p id=\"block-65f1ad5c-3585-48ae-826d-2fd8d55a077d\"><a href=\"http:\/\/lattes.cnpq.br\/5744916152259260\" target=\"_blank\" rel=\"noreferrer noopener\">Curriculo Lattes<\/a><\/p>\n<\/div><\/div>\n<\/div>\n\n\n\n<div class=\"wp-block-column is-layout-flow wp-block-column-is-layout-flow\">\n<div class=\"wp-block-media-text is-stacked-on-mobile\"><figure class=\"wp-block-media-text__media\"><img loading=\"lazy\" decoding=\"async\" width=\"500\" height=\"500\" src=\"https:\/\/www.foripes.org.br\/wp-content\/uploads\/2024\/08\/6.png\" alt=\"\" class=\"wp-image-1071 size-full\" srcset=\"https:\/\/www.foripes.org.br\/wp-content\/uploads\/2024\/08\/6.png 500w, https:\/\/www.foripes.org.br\/wp-content\/uploads\/2024\/08\/6-300x300.png 300w, https:\/\/www.foripes.org.br\/wp-content\/uploads\/2024\/08\/6-150x150.png 150w\" sizes=\"auto, (max-width: 500px) 100vw, 500px\" \/><\/figure><div class=\"wp-block-media-text__content\">\n<p>Professor Marcelo Ponciano da Silva, reitor do Instituto Federal de Educa\u00e7\u00e3o, Ci\u00eancia e Tecnologia do Tri\u00e2ngulo Mineiro (IFTM)<\/p>\n\n\n\n<p><a href=\"http:\/\/lattes.cnpq.br\/5460455448058206\" target=\"_blank\" rel=\"noreferrer noopener\">Curriculo Lattes<\/a><\/p>\n<\/div><\/div>\n<\/div>\n<\/div>\n\n\n\n<div class=\"wp-block-columns is-layout-flex wp-container-core-columns-is-layout-9d6595d7 wp-block-columns-is-layout-flex\">\n<div class=\"wp-block-column is-layout-flow wp-block-column-is-layout-flow\">\n<div class=\"wp-block-media-text is-stacked-on-mobile\"><figure class=\"wp-block-media-text__media\"><img loading=\"lazy\" decoding=\"async\" width=\"500\" height=\"500\" src=\"https:\/\/www.foripes.org.br\/wp-content\/uploads\/2024\/08\/9.png\" alt=\"\" class=\"wp-image-1056 size-full\" srcset=\"https:\/\/www.foripes.org.br\/wp-content\/uploads\/2024\/08\/9.png 500w, https:\/\/www.foripes.org.br\/wp-content\/uploads\/2024\/08\/9-300x300.png 300w, https:\/\/www.foripes.org.br\/wp-content\/uploads\/2024\/08\/9-150x150.png 150w\" sizes=\"auto, (max-width: 500px) 100vw, 500px\" \/><\/figure><div class=\"wp-block-media-text__content\">\n<p>Professora Joaquina Aparecida Nobre da Silva, reitora do Instituto Federal do Norte de Minas Gerais (IFNMG)<\/p>\n\n\n\n<p><a href=\"http:\/\/lattes.cnpq.br\/0412565180687621\" data-type=\"link\" data-id=\"http:\/\/lattes.cnpq.br\/0965773923721717\" target=\"_blank\" rel=\"noreferrer noopener\">Curriculo Lattes<\/a><\/p>\n<\/div><\/div>\n<\/div>\n\n\n\n<div class=\"wp-block-column is-layout-flow wp-block-column-is-layout-flow\"><\/div>\n<\/div>\n","protected":false},"excerpt":{"rendered":"<p>Conhe\u00e7a os dirigentes da institui\u00e7\u00f5es-membros do Foripes &#8211; MG Professor Jos\u00e9 Roberto Soares Scolforo, reitor da Universidade Federal de Lavras (UFLA) Curriculo Lattes Professor Marcelo Pereira de Andrade, reitor da Universidade Federal de Sao Jo\u00e3o Del Rei (UFSJ) Curriculo Lattes Professor Demetrius David da Silva, reitor da Universidade Federal de Vi\u00e7osa (UFV) Curriculo Lattes Professora<br \/><a class=\"btn btn-theme post-btn\" href=\"https:\/\/www.foripes.org.br\/index.php\/dirigentes\/\">Ler mais<\/a><\/p>\n","protected":false},"author":4,"featured_media":0,"parent":0,"menu_order":0,"comment_status":"closed","ping_status":"closed","template":"","meta":{"ngg_post_thumbnail":0,"footnotes":""},"folder":[],"class_list":["post-1034","page","type-page","status-publish","hentry"],"_links":{"self":[{"href":"https:\/\/www.foripes.org.br\/index.php\/wp-json\/wp\/v2\/pages\/1034","targetHints":{"allow":["GET"]}}],"collection":[{"href":"https:\/\/www.foripes.org.br\/index.php\/wp-json\/wp\/v2\/pages"}],"about":[{"href":"https:\/\/www.foripes.org.br\/index.php\/wp-json\/wp\/v2\/types\/page"}],"author":[{"embeddable":true,"href":"https:\/\/www.foripes.org.br\/index.php\/wp-json\/wp\/v2\/users\/4"}],"replies":[{"embeddable":true,"href":"https:\/\/www.foripes.org.br\/index.php\/wp-json\/wp\/v2\/comments?post=1034"}],"version-history":[{"count":26,"href":"https:\/\/www.foripes.org.br\/index.php\/wp-json\/wp\/v2\/pages\/1034\/revisions"}],"predecessor-version":[{"id":1486,"href":"https:\/\/www.foripes.org.br\/index.php\/wp-json\/wp\/v2\/pages\/1034\/revisions\/1486"}],"wp:attachment":[{"href":"https:\/\/www.foripes.org.br\/index.php\/wp-json\/wp\/v2\/media?parent=1034"}],"wp:term":[{"taxonomy":"folder","embeddable":true,"href":"https:\/\/www.foripes.org.br\/index.php\/wp-json\/wp\/v2\/folder?post=1034"}],"curies":[{"name":"wp","href":"https:\/\/api.w.org\/{rel}","templated":true}]}}