{"id":1032,"date":"2024-08-30T16:20:30","date_gmt":"2024-08-30T19:20:30","guid":{"rendered":"https:\/\/www.foripes.org.br\/?page_id=1032"},"modified":"2024-12-12T10:45:01","modified_gmt":"2024-12-12T13:45:01","slug":"participa-minas","status":"publish","type":"page","link":"https:\/\/www.foripes.org.br\/index.php\/participa-minas\/","title":{"rendered":"Programa Participa Minas"},"content":{"rendered":"\n<div class=\"wp-block-media-text alignwide has-media-on-the-right is-stacked-on-mobile\" style=\"grid-template-columns:auto 30%\"><div class=\"wp-block-media-text__content\">\n<p style=\"text-align:justify\" class=\"has-text-align-left\" style=\"font-size:21px\">O Programa Participa Minas \u00e9 resultado de um termo de compromisso firmado, em abril de 2023, entre o Minist\u00e9rio P\u00fablico Federal (MPF), a Universidade Federal de Vi\u00e7osa (UFV) e a Funda\u00e7\u00e3o Arthur Bernardes (Funarbe), para fomento a projetos interinstitucionais de extens\u00e3o universit\u00e1ria em interface com a pesquisa, voltados ao desenvolvimento sustent\u00e1vel e \u00e0 preven\u00e7\u00e3o, mitiga\u00e7\u00e3o e corre\u00e7\u00e3o dos impactos da minera\u00e7\u00e3o no estado de Minas Gerais.<\/p>\n\n\n\n<p style=\"font-size:18px\"><a href=\"https:\/\/pec.ufv.br\/wp-content\/uploads\/2024\/07\/Edital-versao-final-publicada.pdf\">EDITAL 01\/2024<\/a><br><a href=\"https:\/\/pec.ufv.br\/wp-content\/uploads\/2024\/07\/Cronograma.pdf\">CRONOGRAMA<\/a><br><a href=\"https:\/\/www.foripes.org.br\/index.php\/category\/partminas\/participa-minas-2024\/\" data-type=\"category\" data-id=\"10\">NOT\u00cdCIAS 2024<\/a><\/p>\n<\/div><figure class=\"wp-block-media-text__media\"><img loading=\"lazy\" decoding=\"async\" width=\"300\" height=\"290\" src=\"https:\/\/www.foripes.org.br\/wp-content\/uploads\/2024\/08\/01-300x290.png\" alt=\"\" class=\"wp-image-983 size-medium\"\/><\/figure><\/div>\n","protected":false},"excerpt":{"rendered":"<p>O Programa Participa Minas \u00e9 resultado de um termo de compromisso firmado, em abril de 2023, entre o Minist\u00e9rio P\u00fablico Federal (MPF), a Universidade Federal de Vi\u00e7osa (UFV) e a Funda\u00e7\u00e3o Arthur Bernardes (Funarbe), para fomento a projetos interinstitucionais de extens\u00e3o universit\u00e1ria em interface com a pesquisa, voltados ao desenvolvimento sustent\u00e1vel e \u00e0 preven\u00e7\u00e3o, mitiga\u00e7\u00e3o<br \/><a class=\"btn btn-theme post-btn\" href=\"https:\/\/www.foripes.org.br\/index.php\/participa-minas\/\">Ler mais<\/a><\/p>\n","protected":false},"author":4,"featured_media":0,"parent":0,"menu_order":0,"comment_status":"closed","ping_status":"closed","template":"","meta":{"ngg_post_thumbnail":0,"footnotes":""},"folder":[],"class_list":["post-1032","page","type-page","status-publish","hentry"],"_links":{"self":[{"href":"https:\/\/www.foripes.org.br\/index.php\/wp-json\/wp\/v2\/pages\/1032","targetHints":{"allow":["GET"]}}],"collection":[{"href":"https:\/\/www.foripes.org.br\/index.php\/wp-json\/wp\/v2\/pages"}],"about":[{"href":"https:\/\/www.foripes.org.br\/index.php\/wp-json\/wp\/v2\/types\/page"}],"author":[{"embeddable":true,"href":"https:\/\/www.foripes.org.br\/index.php\/wp-json\/wp\/v2\/users\/4"}],"replies":[{"embeddable":true,"href":"https:\/\/www.foripes.org.br\/index.php\/wp-json\/wp\/v2\/comments?post=1032"}],"version-history":[{"count":38,"href":"https:\/\/www.foripes.org.br\/index.php\/wp-json\/wp\/v2\/pages\/1032\/revisions"}],"predecessor-version":[{"id":1324,"href":"https:\/\/www.foripes.org.br\/index.php\/wp-json\/wp\/v2\/pages\/1032\/revisions\/1324"}],"wp:attachment":[{"href":"https:\/\/www.foripes.org.br\/index.php\/wp-json\/wp\/v2\/media?parent=1032"}],"wp:term":[{"taxonomy":"folder","embeddable":true,"href":"https:\/\/www.foripes.org.br\/index.php\/wp-json\/wp\/v2\/folder?post=1032"}],"curies":[{"name":"wp","href":"https:\/\/api.w.org\/{rel}","templated":true}]}}

<div class="wp-block-media-text alignwide has-media-on-the-right is-stacked-on-mobile" style="grid-template-columns:auto 30%"><div class="wp-block-media-text__content">
<p style="text-align:justify" class="has-text-align-left" style="font-size:21px">O Programa Participa Minas é resultado de um termo de compromisso firmado, em abril de 2023, entre o Ministério Público Federal (MPF), a Universidade Federal de Viçosa (UFV) e a Fundação Arthur Bernardes (Funarbe), para fomento a projetos interinstitucionais de extensão universitária em interface com a pesquisa, voltados ao desenvolvimento sustentável e à prevenção, mitigação e correção dos impactos da mineração no estado de Minas Gerais.</p>



<p style="font-size:18px"><a href="https://pec.ufv.br/wp-content/uploads/2024/07/Edital-versao-final-publicada.pdf">EDITAL 01/2024</a><br><a href="https://pec.ufv.br/wp-content/uploads/2024/07/Cronograma.pdf">CRONOGRAMA</a><br><a href="https://www.foripes.org.br/index.php/category/partminas/participa-minas-2024/" data-type="category" data-id="10">NOTÍCIAS 2024</a></p>
</div><figure class="wp-block-media-text__media"><img loading="lazy" decoding="async" width="300" height="290" src="https://www.foripes.org.br/wp-content/uploads/2024/08/01-300x290.png" alt="" class="wp-image-983 size-medium"/></figure></div>

<p>O Programa Participa Minas é resultado de um termo de compromisso firmado, em abril de 2023, entre o Ministério Público Federal (MPF), a Universidade Federal de Viçosa (UFV) e a Fundação Arthur Bernardes (Funarbe), para fomento a projetos interinstitucionais de extensão universitária em interface com a pesquisa, voltados ao desenvolvimento sustentável e à prevenção, mitigação<br /><a class="btn btn-theme post-btn" href="https://www.foripes.org.br/index.php/participa-minas/">Ler mais</a></p>
